{"id":1403,"date":"2023-11-22T14:24:19","date_gmt":"2023-11-22T14:24:19","guid":{"rendered":"https:\/\/ferenczykollegium.hu\/?page_id=1403"},"modified":"2024-07-17T08:39:35","modified_gmt":"2024-07-17T08:39:35","slug":"koszonet","status":"publish","type":"page","link":"https:\/\/ferenczykollegium.szoftvered.hu\/?page_id=1403","title":{"rendered":"K\u00f6sz\u00f6net"},"content":{"rendered":"\n<p>Gratul\u00e1lunk pedag\u00f3gusnap alkalm\u00e1b\u00f3l kit\u00fcntetett koll\u00e9gan\u0151inknek!<\/p>\n\n\n\n<figure class=\"wp-block-image size-large\"><img loading=\"lazy\" decoding=\"async\" width=\"1024\" height=\"1024\" src=\"https:\/\/ferenczykollegium.hu\/wp-content\/uploads\/2024\/07\/image-1024x1024.png\" alt=\"\" class=\"wp-image-1584\" srcset=\"https:\/\/ferenczykollegium.szoftvered.hu\/wp-content\/uploads\/2024\/07\/image-1024x1024.png 1024w, https:\/\/ferenczykollegium.szoftvered.hu\/wp-content\/uploads\/2024\/07\/image-300x300.png 300w, https:\/\/ferenczykollegium.szoftvered.hu\/wp-content\/uploads\/2024\/07\/image-150x150.png 150w, https:\/\/ferenczykollegium.szoftvered.hu\/wp-content\/uploads\/2024\/07\/image-768x768.png 768w, https:\/\/ferenczykollegium.szoftvered.hu\/wp-content\/uploads\/2024\/07\/image-1536x1536.png 1536w, https:\/\/ferenczykollegium.szoftvered.hu\/wp-content\/uploads\/2024\/07\/image-100x100.png 100w, https:\/\/ferenczykollegium.szoftvered.hu\/wp-content\/uploads\/2024\/07\/image.png 2048w\" sizes=\"auto, (max-width: 767px) 89vw, (max-width: 1000px) 54vw, (max-width: 1071px) 543px, 580px\" \/><\/figure>\n\n\n\n<p class=\"has-text-align-center\"><mark style=\"background-color:rgba(0, 0, 0, 0)\" class=\"has-inline-color has-vivid-cyan-blue-color\"><strong>Szeretn\u00e9nk k\u00f6sz\u00f6netet mondani az <\/strong><\/mark><strong><mark style=\"background-color:rgba(0, 0, 0, 0)\" class=\"has-inline-color has-vivid-green-cyan-color\"><a href=\"https:\/\/www.facebook.com\/ObudaiEgyetem\" target=\"_blank\" rel=\"noreferrer noopener\">\u00d3budai Egyetemnek<\/a>,<\/mark><\/strong><mark style=\"background-color:rgba(0, 0, 0, 0)\" class=\"has-inline-color has-vivid-cyan-blue-color\"><strong> hogy a<\/strong> <br><strong>\u201eTud\u00e1s f\u00e1ja\u201d projektj\u00e9nek keret\u00e9ben gy\u00fcm\u00f6lcsf\u00e1kat adom\u00e1nyozott koll\u00e9giumunk sz\u00e1m\u00e1ra!<\/strong><\/mark><\/p>\n\n\n\n<figure class=\"wp-block-image size-large\"><img loading=\"lazy\" decoding=\"async\" width=\"1024\" height=\"1024\" src=\"https:\/\/ferenczykollegium.hu\/wp-content\/uploads\/2023\/11\/20231129_2-1024x1024.jpg\" alt=\"\" class=\"wp-image-1497\" srcset=\"https:\/\/ferenczykollegium.szoftvered.hu\/wp-content\/uploads\/2023\/11\/20231129_2-1024x1024.jpg 1024w, https:\/\/ferenczykollegium.szoftvered.hu\/wp-content\/uploads\/2023\/11\/20231129_2-300x300.jpg 300w, https:\/\/ferenczykollegium.szoftvered.hu\/wp-content\/uploads\/2023\/11\/20231129_2-150x150.jpg 150w, https:\/\/ferenczykollegium.szoftvered.hu\/wp-content\/uploads\/2023\/11\/20231129_2-768x768.jpg 768w, https:\/\/ferenczykollegium.szoftvered.hu\/wp-content\/uploads\/2023\/11\/20231129_2-1536x1536.jpg 1536w, https:\/\/ferenczykollegium.szoftvered.hu\/wp-content\/uploads\/2023\/11\/20231129_2-100x100.jpg 100w, https:\/\/ferenczykollegium.szoftvered.hu\/wp-content\/uploads\/2023\/11\/20231129_2.jpg 2048w\" sizes=\"auto, (max-width: 767px) 89vw, (max-width: 1000px) 54vw, (max-width: 1071px) 543px, 580px\" \/><\/figure>\n\n\n\n<p>________________________________________________________________________________<\/p>\n\n\n\n<p><\/p>\n\n\n<p><b style=\"mso-bidi-font-weight: normal;\"><span style=\"color: #c00000;\">Szeretn\u00e9nk <\/span><\/b><b style=\"mso-bidi-font-weight: normal;\"><span style=\"color: #c00000;\">k\u00f6sz\u00f6netet mondani az <a href=\"https:\/\/plumbskills.hu\/\"><span style=\"color: #c00000;\">\u00c9P\u00dcLETG\u00c9P\u00c9SZ KARIT\u00c1SZ<\/span><\/a>-nak, hogy munk\u00e1jukkal \u00e9s szak\u00e9rtelm\u00fckkel seg\u00edtettek koll\u00e9giumunknak!<\/span><\/b><\/p>\n<p><!-- \/wp:post-content --><!-- wp:paragraph --><\/p>\n<p><b style=\"mso-bidi-font-weight: normal;\"><span style=\"color: #c00000;\">Zajzon Ildik\u00f3<br>igazgat\u00f3<\/span><\/b><\/p>\n<p><!-- \/wp:paragraph --><\/p>\n<p><!-- wp:image {\"id\":1412,\"width\":672,\"height\":977,\"sizeSlug\":\"full\",\"linkDestination\":\"none\"} --><\/p>\n<figure class=\"wp-block-image size-full is-resized\"><img loading=\"lazy\" decoding=\"async\" class=\"wp-image-1412\" src=\"https:\/\/ferenczykollegium.hu\/wp-content\/uploads\/2023\/11\/image.png\" alt=\"\" width=\"672\" height=\"977\" srcset=\"https:\/\/ferenczykollegium.szoftvered.hu\/wp-content\/uploads\/2023\/11\/image.png 622w, https:\/\/ferenczykollegium.szoftvered.hu\/wp-content\/uploads\/2023\/11\/image-206x300.png 206w\" sizes=\"auto, (max-width: 672px) 100vw, 672px\" \/><\/figure>\n<p><!-- \/wp:image --><\/p>\n<p><!-- wp:gallery {\"linkTo\":\"none\"} --><\/p>\n<figure class=\"wp-block-gallery has-nested-images columns-default is-cropped\"><!-- wp:image {\"id\":1410,\"sizeSlug\":\"large\",\"linkDestination\":\"none\"} -->&nbsp;<p><\/p>\n<p>&nbsp;<\/p>\n<figure class=\"wp-block-image size-large\"><img loading=\"lazy\" decoding=\"async\" width=\"1024\" height=\"768\" class=\"wp-image-1410 aligncenter\" src=\"https:\/\/ferenczykollegium.hu\/wp-content\/uploads\/2023\/11\/regi-mosdo-3-1024x768.jpg\" alt=\"\" srcset=\"https:\/\/ferenczykollegium.szoftvered.hu\/wp-content\/uploads\/2023\/11\/regi-mosdo-3-1024x768.jpg 1024w, https:\/\/ferenczykollegium.szoftvered.hu\/wp-content\/uploads\/2023\/11\/regi-mosdo-3-300x225.jpg 300w, https:\/\/ferenczykollegium.szoftvered.hu\/wp-content\/uploads\/2023\/11\/regi-mosdo-3-768x576.jpg 768w, https:\/\/ferenczykollegium.szoftvered.hu\/wp-content\/uploads\/2023\/11\/regi-mosdo-3-1536x1152.jpg 1536w, https:\/\/ferenczykollegium.szoftvered.hu\/wp-content\/uploads\/2023\/11\/regi-mosdo-3.jpg 2000w\" sizes=\"auto, (max-width: 767px) 89vw, (max-width: 1000px) 54vw, (max-width: 1071px) 543px, 580px\" \/><\/figure>\n<p><!-- \/wp:image --><\/p>\n<p><!-- wp:image {\"id\":1409,\"sizeSlug\":\"large\",\"linkDestination\":\"none\"} --><\/p>\n<figure class=\"wp-block-image size-large\"><img loading=\"lazy\" decoding=\"async\" class=\"wp-image-1409 aligncenter\" src=\"https:\/\/ferenczykollegium.hu\/wp-content\/uploads\/2023\/11\/leszereles-768x1024.jpg\" alt=\"\" width=\"149\" height=\"198\" srcset=\"https:\/\/ferenczykollegium.szoftvered.hu\/wp-content\/uploads\/2023\/11\/leszereles-768x1024.jpg 768w, https:\/\/ferenczykollegium.szoftvered.hu\/wp-content\/uploads\/2023\/11\/leszereles-225x300.jpg 225w, https:\/\/ferenczykollegium.szoftvered.hu\/wp-content\/uploads\/2023\/11\/leszereles-1152x1536.jpg 1152w, https:\/\/ferenczykollegium.szoftvered.hu\/wp-content\/uploads\/2023\/11\/leszereles.jpg 1500w\" sizes=\"auto, (max-width: 149px) 100vw, 149px\" \/><\/figure>\n<p><!-- \/wp:image --><\/p>\n<p><!-- wp:image {\"id\":1408,\"sizeSlug\":\"large\",\"linkDestination\":\"none\"} --><\/p>\n<figure class=\"wp-block-image size-large\"><img loading=\"lazy\" decoding=\"async\" width=\"768\" height=\"1024\" class=\"wp-image-1408\" src=\"https:\/\/ferenczykollegium.hu\/wp-content\/uploads\/2023\/11\/csere-768x1024.jpg\" alt=\"\" srcset=\"https:\/\/ferenczykollegium.szoftvered.hu\/wp-content\/uploads\/2023\/11\/csere-768x1024.jpg 768w, https:\/\/ferenczykollegium.szoftvered.hu\/wp-content\/uploads\/2023\/11\/csere-225x300.jpg 225w, https:\/\/ferenczykollegium.szoftvered.hu\/wp-content\/uploads\/2023\/11\/csere-1152x1536.jpg 1152w, https:\/\/ferenczykollegium.szoftvered.hu\/wp-content\/uploads\/2023\/11\/csere.jpg 1500w\" sizes=\"auto, (max-width: 767px) 89vw, (max-width: 1000px) 54vw, (max-width: 1071px) 543px, 580px\" \/><\/figure>\n<p><!-- \/wp:image --><\/p>\n<p><!-- wp:image {\"id\":1411,\"sizeSlug\":\"large\",\"linkDestination\":\"none\"} --><\/p>\n<figure class=\"wp-block-image size-large\"><img loading=\"lazy\" decoding=\"async\" width=\"1500\" height=\"1125\" class=\"wp-image-1411\" src=\"https:\/\/ferenczykollegium.hu\/wp-content\/uploads\/2023\/11\/uj-mosdo-es-csaptelep-edited.jpg\" alt=\"\" srcset=\"https:\/\/ferenczykollegium.szoftvered.hu\/wp-content\/uploads\/2023\/11\/uj-mosdo-es-csaptelep-edited.jpg 1500w, https:\/\/ferenczykollegium.szoftvered.hu\/wp-content\/uploads\/2023\/11\/uj-mosdo-es-csaptelep-edited-300x225.jpg 300w, https:\/\/ferenczykollegium.szoftvered.hu\/wp-content\/uploads\/2023\/11\/uj-mosdo-es-csaptelep-edited-1024x768.jpg 1024w, https:\/\/ferenczykollegium.szoftvered.hu\/wp-content\/uploads\/2023\/11\/uj-mosdo-es-csaptelep-edited-768x576.jpg 768w\" sizes=\"auto, (max-width: 767px) 89vw, (max-width: 1000px) 54vw, (max-width: 1071px) 543px, 580px\" \/><\/figure>\n<p><!-- \/wp:image --><\/p>\n<\/figure>\n<p><!-- \/wp:gallery --><\/p>","protected":false},"excerpt":{"rendered":"<p>Gratul\u00e1lunk pedag\u00f3gusnap alkalm\u00e1b\u00f3l kit\u00fcntetett koll\u00e9gan\u0151inknek! Szeretn\u00e9nk k\u00f6sz\u00f6netet mondani az \u00d3budai Egyetemnek, hogy a \u201eTud\u00e1s f\u00e1ja\u201d projektj\u00e9nek keret\u00e9ben gy\u00fcm\u00f6lcsf\u00e1kat adom\u00e1nyozott koll\u00e9giumunk sz\u00e1m\u00e1ra! ________________________________________________________________________________ Szeretn\u00e9nk k\u00f6sz\u00f6netet mondani az \u00c9P\u00dcLETG\u00c9P\u00c9SZ KARIT\u00c1SZ-nak, hogy munk\u00e1jukkal \u00e9s szak\u00e9rtelm\u00fckkel seg\u00edtettek koll\u00e9giumunknak! Zajzon Ildik\u00f3igazgat\u00f3 &nbsp; &nbsp;<\/p>\n","protected":false},"author":2,"featured_media":0,"parent":0,"menu_order":1,"comment_status":"closed","ping_status":"closed","template":"","meta":{"ngg_post_thumbnail":0,"_mc_calendar":[],"footnotes":""},"class_list":["post-1403","page","type-page","status-publish","hentry"],"yoast_head":"<!-- This site is optimized with the Yoast SEO plugin v25.1 - https:\/\/yoast.com\/wordpress\/plugins\/seo\/ -->\n<title>K\u00f6sz\u00f6net - Ferenczy No\u00e9mi K\u00f6z\u00e9piskolai Le\u00e1nykoll\u00e9gium<\/title>\n<meta name=\"robots\" content=\"index, follow, max-snippet:-1, max-image-preview:large, max-video-preview:-1\" \/>\n<link rel=\"canonical\" href=\"https:\/\/ferenczykollegium.hu\/?page_id=1403\" \/>\n<meta property=\"og:locale\" content=\"hu_HU\" \/>\n<meta property=\"og:type\" content=\"article\" \/>\n<meta property=\"og:title\" content=\"K\u00f6sz\u00f6net - Ferenczy No\u00e9mi K\u00f6z\u00e9piskolai Le\u00e1nykoll\u00e9gium\" \/>\n<meta property=\"og:description\" content=\"Gratul\u00e1lunk pedag\u00f3gusnap alkalm\u00e1b\u00f3l kit\u00fcntetett koll\u00e9gan\u0151inknek! Szeretn\u00e9nk k\u00f6sz\u00f6netet mondani az \u00d3budai Egyetemnek, hogy a \u201eTud\u00e1s f\u00e1ja\u201d projektj\u00e9nek keret\u00e9ben gy\u00fcm\u00f6lcsf\u00e1kat adom\u00e1nyozott koll\u00e9giumunk sz\u00e1m\u00e1ra! ________________________________________________________________________________ Szeretn\u00e9nk k\u00f6sz\u00f6netet mondani az \u00c9P\u00dcLETG\u00c9P\u00c9SZ KARIT\u00c1SZ-nak, hogy munk\u00e1jukkal \u00e9s szak\u00e9rtelm\u00fckkel seg\u00edtettek koll\u00e9giumunknak! Zajzon Ildik\u00f3igazgat\u00f3 &nbsp; &nbsp;\" \/>\n<meta property=\"og:url\" content=\"https:\/\/ferenczykollegium.hu\/?page_id=1403\" \/>\n<meta property=\"og:site_name\" content=\"Ferenczy No\u00e9mi K\u00f6z\u00e9piskolai Le\u00e1nykoll\u00e9gium\" \/>\n<meta property=\"article:publisher\" content=\"https:\/\/www.facebook.com\/ferenczynoemi.kozepiskolaikollegium\" \/>\n<meta property=\"article:modified_time\" content=\"2024-07-17T08:39:35+00:00\" \/>\n<meta property=\"og:image\" content=\"https:\/\/ferenczykollegium.hu\/wp-content\/uploads\/2024\/07\/image-1024x1024.png\" \/>\n<meta name=\"twitter:card\" content=\"summary_large_image\" \/>\n<meta name=\"twitter:label1\" content=\"Becs\u00fclt olvas\u00e1si id\u0151\" \/>\n\t<meta name=\"twitter:data1\" content=\"2 perc\" \/>\n<script type=\"application\/ld+json\" class=\"yoast-schema-graph\">{\"@context\":\"https:\/\/schema.org\",\"@graph\":[{\"@type\":\"WebPage\",\"@id\":\"https:\/\/ferenczykollegium.hu\/?page_id=1403\",\"url\":\"https:\/\/ferenczykollegium.hu\/?page_id=1403\",\"name\":\"K\u00f6sz\u00f6net - Ferenczy No\u00e9mi K\u00f6z\u00e9piskolai Le\u00e1nykoll\u00e9gium\",\"isPartOf\":{\"@id\":\"https:\/\/ferenczykollegium.hu\/#website\"},\"primaryImageOfPage\":{\"@id\":\"https:\/\/ferenczykollegium.hu\/?page_id=1403#primaryimage\"},\"image\":{\"@id\":\"https:\/\/ferenczykollegium.hu\/?page_id=1403#primaryimage\"},\"thumbnailUrl\":\"https:\/\/ferenczykollegium.hu\/wp-content\/uploads\/2024\/07\/image-1024x1024.png\",\"datePublished\":\"2023-11-22T14:24:19+00:00\",\"dateModified\":\"2024-07-17T08:39:35+00:00\",\"breadcrumb\":{\"@id\":\"https:\/\/ferenczykollegium.hu\/?page_id=1403#breadcrumb\"},\"inLanguage\":\"hu\",\"potentialAction\":[{\"@type\":\"ReadAction\",\"target\":[\"https:\/\/ferenczykollegium.hu\/?page_id=1403\"]}]},{\"@type\":\"ImageObject\",\"inLanguage\":\"hu\",\"@id\":\"https:\/\/ferenczykollegium.hu\/?page_id=1403#primaryimage\",\"url\":\"https:\/\/ferenczykollegium.hu\/wp-content\/uploads\/2024\/07\/image-1024x1024.png\",\"contentUrl\":\"https:\/\/ferenczykollegium.hu\/wp-content\/uploads\/2024\/07\/image-1024x1024.png\"},{\"@type\":\"BreadcrumbList\",\"@id\":\"https:\/\/ferenczykollegium.hu\/?page_id=1403#breadcrumb\",\"itemListElement\":[{\"@type\":\"ListItem\",\"position\":1,\"name\":\"Kezd\u0151lap\",\"item\":\"https:\/\/ferenczykollegium.hu\/\"},{\"@type\":\"ListItem\",\"position\":2,\"name\":\"K\u00f6sz\u00f6net\"}]},{\"@type\":\"WebSite\",\"@id\":\"https:\/\/ferenczykollegium.hu\/#website\",\"url\":\"https:\/\/ferenczykollegium.hu\/\",\"name\":\"Ferenczy No\u00e9mi K\u00f6z\u00e9piskolai Le\u00e1nykoll\u00e9gium\",\"description\":\"\",\"potentialAction\":[{\"@type\":\"SearchAction\",\"target\":{\"@type\":\"EntryPoint\",\"urlTemplate\":\"https:\/\/ferenczykollegium.hu\/?s={search_term_string}\"},\"query-input\":{\"@type\":\"PropertyValueSpecification\",\"valueRequired\":true,\"valueName\":\"search_term_string\"}}],\"inLanguage\":\"hu\"}]}<\/script>\n<!-- \/ Yoast SEO plugin. -->","yoast_head_json":{"title":"K\u00f6sz\u00f6net - Ferenczy No\u00e9mi K\u00f6z\u00e9piskolai Le\u00e1nykoll\u00e9gium","robots":{"index":"index","follow":"follow","max-snippet":"max-snippet:-1","max-image-preview":"max-image-preview:large","max-video-preview":"max-video-preview:-1"},"canonical":"https:\/\/ferenczykollegium.hu\/?page_id=1403","og_locale":"hu_HU","og_type":"article","og_title":"K\u00f6sz\u00f6net - Ferenczy No\u00e9mi K\u00f6z\u00e9piskolai Le\u00e1nykoll\u00e9gium","og_description":"Gratul\u00e1lunk pedag\u00f3gusnap alkalm\u00e1b\u00f3l kit\u00fcntetett koll\u00e9gan\u0151inknek! Szeretn\u00e9nk k\u00f6sz\u00f6netet mondani az \u00d3budai Egyetemnek, hogy a \u201eTud\u00e1s f\u00e1ja\u201d projektj\u00e9nek keret\u00e9ben gy\u00fcm\u00f6lcsf\u00e1kat adom\u00e1nyozott koll\u00e9giumunk sz\u00e1m\u00e1ra! ________________________________________________________________________________ Szeretn\u00e9nk k\u00f6sz\u00f6netet mondani az \u00c9P\u00dcLETG\u00c9P\u00c9SZ KARIT\u00c1SZ-nak, hogy munk\u00e1jukkal \u00e9s szak\u00e9rtelm\u00fckkel seg\u00edtettek koll\u00e9giumunknak! Zajzon Ildik\u00f3igazgat\u00f3 &nbsp; &nbsp;","og_url":"https:\/\/ferenczykollegium.hu\/?page_id=1403","og_site_name":"Ferenczy No\u00e9mi K\u00f6z\u00e9piskolai Le\u00e1nykoll\u00e9gium","article_publisher":"https:\/\/www.facebook.com\/ferenczynoemi.kozepiskolaikollegium","article_modified_time":"2024-07-17T08:39:35+00:00","og_image":[{"url":"https:\/\/ferenczykollegium.hu\/wp-content\/uploads\/2024\/07\/image-1024x1024.png","type":"","width":"","height":""}],"twitter_card":"summary_large_image","twitter_misc":{"Becs\u00fclt olvas\u00e1si id\u0151":"2 perc"},"schema":{"@context":"https:\/\/schema.org","@graph":[{"@type":"WebPage","@id":"https:\/\/ferenczykollegium.hu\/?page_id=1403","url":"https:\/\/ferenczykollegium.hu\/?page_id=1403","name":"K\u00f6sz\u00f6net - Ferenczy No\u00e9mi K\u00f6z\u00e9piskolai Le\u00e1nykoll\u00e9gium","isPartOf":{"@id":"https:\/\/ferenczykollegium.hu\/#website"},"primaryImageOfPage":{"@id":"https:\/\/ferenczykollegium.hu\/?page_id=1403#primaryimage"},"image":{"@id":"https:\/\/ferenczykollegium.hu\/?page_id=1403#primaryimage"},"thumbnailUrl":"https:\/\/ferenczykollegium.hu\/wp-content\/uploads\/2024\/07\/image-1024x1024.png","datePublished":"2023-11-22T14:24:19+00:00","dateModified":"2024-07-17T08:39:35+00:00","breadcrumb":{"@id":"https:\/\/ferenczykollegium.hu\/?page_id=1403#breadcrumb"},"inLanguage":"hu","potentialAction":[{"@type":"ReadAction","target":["https:\/\/ferenczykollegium.hu\/?page_id=1403"]}]},{"@type":"ImageObject","inLanguage":"hu","@id":"https:\/\/ferenczykollegium.hu\/?page_id=1403#primaryimage","url":"https:\/\/ferenczykollegium.hu\/wp-content\/uploads\/2024\/07\/image-1024x1024.png","contentUrl":"https:\/\/ferenczykollegium.hu\/wp-content\/uploads\/2024\/07\/image-1024x1024.png"},{"@type":"BreadcrumbList","@id":"https:\/\/ferenczykollegium.hu\/?page_id=1403#breadcrumb","itemListElement":[{"@type":"ListItem","position":1,"name":"Kezd\u0151lap","item":"https:\/\/ferenczykollegium.hu\/"},{"@type":"ListItem","position":2,"name":"K\u00f6sz\u00f6net"}]},{"@type":"WebSite","@id":"https:\/\/ferenczykollegium.hu\/#website","url":"https:\/\/ferenczykollegium.hu\/","name":"Ferenczy No\u00e9mi K\u00f6z\u00e9piskolai Le\u00e1nykoll\u00e9gium","description":"","potentialAction":[{"@type":"SearchAction","target":{"@type":"EntryPoint","urlTemplate":"https:\/\/ferenczykollegium.hu\/?s={search_term_string}"},"query-input":{"@type":"PropertyValueSpecification","valueRequired":true,"valueName":"search_term_string"}}],"inLanguage":"hu"}]}},"_links":{"self":[{"href":"https:\/\/ferenczykollegium.szoftvered.hu\/index.php?rest_route=\/wp\/v2\/pages\/1403","targetHints":{"allow":["GET"]}}],"collection":[{"href":"https:\/\/ferenczykollegium.szoftvered.hu\/index.php?rest_route=\/wp\/v2\/pages"}],"about":[{"href":"https:\/\/ferenczykollegium.szoftvered.hu\/index.php?rest_route=\/wp\/v2\/types\/page"}],"author":[{"embeddable":true,"href":"https:\/\/ferenczykollegium.szoftvered.hu\/index.php?rest_route=\/wp\/v2\/users\/2"}],"replies":[{"embeddable":true,"href":"https:\/\/ferenczykollegium.szoftvered.hu\/index.php?rest_route=%2Fwp%2Fv2%2Fcomments&post=1403"}],"version-history":[{"count":5,"href":"https:\/\/ferenczykollegium.szoftvered.hu\/index.php?rest_route=\/wp\/v2\/pages\/1403\/revisions"}],"predecessor-version":[{"id":1585,"href":"https:\/\/ferenczykollegium.szoftvered.hu\/index.php?rest_route=\/wp\/v2\/pages\/1403\/revisions\/1585"}],"wp:attachment":[{"href":"https:\/\/ferenczykollegium.szoftvered.hu\/index.php?rest_route=%2Fwp%2Fv2%2Fmedia&parent=1403"}],"curies":[{"name":"wp","href":"https:\/\/api.w.org\/{rel}","templated":true}]}}