{"id":19,"date":"2019-04-02T12:47:03","date_gmt":"2019-04-02T12:47:03","guid":{"rendered":"http:\/\/demo.ferenczykollegium.hu\/?page_id=19"},"modified":"2025-03-21T09:21:16","modified_gmt":"2025-03-21T09:21:16","slug":"kollegiumi-felvetel","status":"publish","type":"page","link":"https:\/\/ferenczykollegium.szoftvered.hu\/?page_id=19","title":{"rendered":"Koll\u00e9giumi felv\u00e9tel"},"content":{"rendered":"\n<p><strong>Jelentkez\u00e9s a Ferenczy No\u00e9mi K\u00f6z\u00e9piskolai Le\u00e1nykoll\u00e9giumba:<\/strong><br><br><br><br><strong>A  budapesti Ferenczy No\u00e9mi K\u00f6z\u00e9piskolai Le\u00e1nykoll\u00e9gium \u00f6n\u00e1ll\u00f3 int\u00e9zm\u00e9ny, a  koll\u00e9giumba val\u00f3 jelentkez\u00e9s az iskol\u00e1k aj\u00e1nl\u00e1sa alapj\u00e1n \u00e9s az  iskol\u00e1t\u00f3l f\u00fcggetlen\u00fcl is zajlik.<\/strong><br><br><strong>El\u0151zetes  jelentkez\u00e9seket az iskolai \u00edr\u00e1sbeli felv\u00e9teli id\u0151pontj\u00e1t\u00f3l kezdve  folyamatosan fogadunk, az elb\u00edr\u00e1l\u00e1s\u00e1ra viszont csak az iskolai  felv\u00e9telek lez\u00e1rulta ut\u00e1n ker\u00fcl sor. Jelentkezni \u00edr\u00e1sban vagy  szem\u00e9lyesen is lehets\u00e9ges. A sz\u00fcks\u00e9ges nyomtatv\u00e1nyok a helysz\u00ednen \u00e9s a  honlapunkon is rendelkez\u00e9sre \u00e1llnak.<\/strong><br><br><strong>A  tan\u00e9v sor\u00e1n a jelentkez\u00e9s folyamatos. Az \u00fcres f\u00e9r\u0151helyekre igazgat\u00f3i  d\u00f6nt\u00e9s alapj\u00e1n vesz\u00fcnk fel \u00fajabb tanul\u00f3kat. A m\u00e1r kor\u00e1bban jelentkezett,  de be nem jutott di\u00e1kokat k\u00e9r\u00e9sre v\u00e1r\u00f3list\u00e1ra tessz\u00fck, akik ily m\u00f3don  els\u0151bbs\u00e9get \u00e9lveznek.<\/strong><br><br><strong>Az  int\u00e9zm\u00e9ny megtekinthet\u0151 h\u00e9tf\u0151t\u0151l cs\u00fct\u00f6rt\u00f6kig az \u00fcgyeletes tan\u00e1rhoz vagy a  titk\u00e1rs\u00e1gra val\u00f3 bejelentkez\u00e9ssel. Ny\u00e1ri h\u00f3napokban a szerdai  (\u00fcgyeleti) napokon tudunk szem\u00e9lyes t\u00e1j\u00e9koztat\u00e1st adni 9:00 \u00e9s 13:00 \u00f3ra  k\u00f6z\u00f6tt.<\/strong><br><br><strong>Tov\u00e1bbi inform\u00e1ci\u00f3 k\u00e9rhet\u0151 telefonon koll\u00e9giumunkban, Zajzon Ildik\u00f3 igazgat\u00f3n\u0151t\u0151l. Tel.: +36-1-299-0037<\/strong><\/p>\n\n\n\n<p>A felv\u00e9teli k\u00e9relem el\u00e9rhet\u0151s\u00e9ge:<\/p>\n\n\n\n<p> <a href=\"http:\/\/ferenczykollegium.hu\/wp-content\/uploads\/2025\/03\/Felveteli-kerelem-2025-2026_vegleges.pdf\" target=\"_blank\" rel=\"noreferrer noopener\">Felveteli-kerelem-2025-2026<\/a><\/p>\n","protected":false},"excerpt":{"rendered":"<p>Jelentkez\u00e9s a Ferenczy No\u00e9mi K\u00f6z\u00e9piskolai Le\u00e1nykoll\u00e9giumba: A budapesti Ferenczy No\u00e9mi K\u00f6z\u00e9piskolai Le\u00e1nykoll\u00e9gium \u00f6n\u00e1ll\u00f3 int\u00e9zm\u00e9ny, a koll\u00e9giumba val\u00f3 jelentkez\u00e9s az iskol\u00e1k aj\u00e1nl\u00e1sa alapj\u00e1n \u00e9s az iskol\u00e1t\u00f3l f\u00fcggetlen\u00fcl is zajlik. El\u0151zetes jelentkez\u00e9seket az iskolai \u00edr\u00e1sbeli felv\u00e9teli id\u0151pontj\u00e1t\u00f3l kezdve folyamatosan fogadunk, az elb\u00edr\u00e1l\u00e1s\u00e1ra viszont csak az iskolai felv\u00e9telek lez\u00e1rulta ut\u00e1n ker\u00fcl sor. Jelentkezni \u00edr\u00e1sban vagy szem\u00e9lyesen is lehets\u00e9ges. &hellip; <\/p>\n<p class=\"link-more\"><a href=\"https:\/\/ferenczykollegium.szoftvered.hu\/?page_id=19\" class=\"more-link\"><span class=\"screen-reader-text\">&#8222;Koll\u00e9giumi felv\u00e9tel&#8221;<\/span> b\u0151vebben<\/a><\/p>\n","protected":false},"author":2,"featured_media":0,"parent":0,"menu_order":0,"comment_status":"closed","ping_status":"closed","template":"","meta":{"ngg_post_thumbnail":0,"_mc_calendar":[],"footnotes":""},"class_list":["post-19","page","type-page","status-publish","hentry"],"yoast_head":"<!-- This site is optimized with the Yoast SEO plugin v25.1 - https:\/\/yoast.com\/wordpress\/plugins\/seo\/ -->\n<title>Koll\u00e9giumi felv\u00e9tel - Ferenczy No\u00e9mi K\u00f6z\u00e9piskolai Le\u00e1nykoll\u00e9gium<\/title>\n<meta name=\"robots\" content=\"index, follow, max-snippet:-1, max-image-preview:large, max-video-preview:-1\" \/>\n<link rel=\"canonical\" href=\"https:\/\/ferenczykollegium.hu\/?page_id=19\" \/>\n<meta property=\"og:locale\" content=\"hu_HU\" \/>\n<meta property=\"og:type\" content=\"article\" \/>\n<meta property=\"og:title\" content=\"Koll\u00e9giumi felv\u00e9tel - Ferenczy No\u00e9mi K\u00f6z\u00e9piskolai Le\u00e1nykoll\u00e9gium\" \/>\n<meta property=\"og:description\" content=\"Jelentkez\u00e9s a Ferenczy No\u00e9mi K\u00f6z\u00e9piskolai Le\u00e1nykoll\u00e9giumba: A budapesti Ferenczy No\u00e9mi K\u00f6z\u00e9piskolai Le\u00e1nykoll\u00e9gium \u00f6n\u00e1ll\u00f3 int\u00e9zm\u00e9ny, a koll\u00e9giumba val\u00f3 jelentkez\u00e9s az iskol\u00e1k aj\u00e1nl\u00e1sa alapj\u00e1n \u00e9s az iskol\u00e1t\u00f3l f\u00fcggetlen\u00fcl is zajlik. El\u0151zetes jelentkez\u00e9seket az iskolai \u00edr\u00e1sbeli felv\u00e9teli id\u0151pontj\u00e1t\u00f3l kezdve folyamatosan fogadunk, az elb\u00edr\u00e1l\u00e1s\u00e1ra viszont csak az iskolai felv\u00e9telek lez\u00e1rulta ut\u00e1n ker\u00fcl sor. Jelentkezni \u00edr\u00e1sban vagy szem\u00e9lyesen is lehets\u00e9ges. &hellip; &quot;Koll\u00e9giumi felv\u00e9tel&quot; b\u0151vebben\" \/>\n<meta property=\"og:url\" content=\"https:\/\/ferenczykollegium.hu\/?page_id=19\" \/>\n<meta property=\"og:site_name\" content=\"Ferenczy No\u00e9mi K\u00f6z\u00e9piskolai Le\u00e1nykoll\u00e9gium\" \/>\n<meta property=\"article:publisher\" content=\"https:\/\/www.facebook.com\/ferenczynoemi.kozepiskolaikollegium\" \/>\n<meta property=\"article:modified_time\" content=\"2025-03-21T09:21:16+00:00\" \/>\n<meta name=\"twitter:card\" content=\"summary_large_image\" \/>\n<meta name=\"twitter:label1\" content=\"Becs\u00fclt olvas\u00e1si id\u0151\" \/>\n\t<meta name=\"twitter:data1\" content=\"1 perc\" \/>\n<script type=\"application\/ld+json\" class=\"yoast-schema-graph\">{\"@context\":\"https:\/\/schema.org\",\"@graph\":[{\"@type\":\"WebPage\",\"@id\":\"https:\/\/ferenczykollegium.hu\/?page_id=19\",\"url\":\"https:\/\/ferenczykollegium.hu\/?page_id=19\",\"name\":\"Koll\u00e9giumi felv\u00e9tel - Ferenczy No\u00e9mi K\u00f6z\u00e9piskolai Le\u00e1nykoll\u00e9gium\",\"isPartOf\":{\"@id\":\"https:\/\/ferenczykollegium.hu\/#website\"},\"datePublished\":\"2019-04-02T12:47:03+00:00\",\"dateModified\":\"2025-03-21T09:21:16+00:00\",\"breadcrumb\":{\"@id\":\"https:\/\/ferenczykollegium.hu\/?page_id=19#breadcrumb\"},\"inLanguage\":\"hu\",\"potentialAction\":[{\"@type\":\"ReadAction\",\"target\":[\"https:\/\/ferenczykollegium.hu\/?page_id=19\"]}]},{\"@type\":\"BreadcrumbList\",\"@id\":\"https:\/\/ferenczykollegium.hu\/?page_id=19#breadcrumb\",\"itemListElement\":[{\"@type\":\"ListItem\",\"position\":1,\"name\":\"Kezd\u0151lap\",\"item\":\"https:\/\/ferenczykollegium.hu\/\"},{\"@type\":\"ListItem\",\"position\":2,\"name\":\"Koll\u00e9giumi felv\u00e9tel\"}]},{\"@type\":\"WebSite\",\"@id\":\"https:\/\/ferenczykollegium.hu\/#website\",\"url\":\"https:\/\/ferenczykollegium.hu\/\",\"name\":\"Ferenczy No\u00e9mi K\u00f6z\u00e9piskolai Le\u00e1nykoll\u00e9gium\",\"description\":\"\",\"potentialAction\":[{\"@type\":\"SearchAction\",\"target\":{\"@type\":\"EntryPoint\",\"urlTemplate\":\"https:\/\/ferenczykollegium.hu\/?s={search_term_string}\"},\"query-input\":{\"@type\":\"PropertyValueSpecification\",\"valueRequired\":true,\"valueName\":\"search_term_string\"}}],\"inLanguage\":\"hu\"}]}<\/script>\n<!-- \/ Yoast SEO plugin. -->","yoast_head_json":{"title":"Koll\u00e9giumi felv\u00e9tel - Ferenczy No\u00e9mi K\u00f6z\u00e9piskolai Le\u00e1nykoll\u00e9gium","robots":{"index":"index","follow":"follow","max-snippet":"max-snippet:-1","max-image-preview":"max-image-preview:large","max-video-preview":"max-video-preview:-1"},"canonical":"https:\/\/ferenczykollegium.hu\/?page_id=19","og_locale":"hu_HU","og_type":"article","og_title":"Koll\u00e9giumi felv\u00e9tel - Ferenczy No\u00e9mi K\u00f6z\u00e9piskolai Le\u00e1nykoll\u00e9gium","og_description":"Jelentkez\u00e9s a Ferenczy No\u00e9mi K\u00f6z\u00e9piskolai Le\u00e1nykoll\u00e9giumba: A budapesti Ferenczy No\u00e9mi K\u00f6z\u00e9piskolai Le\u00e1nykoll\u00e9gium \u00f6n\u00e1ll\u00f3 int\u00e9zm\u00e9ny, a koll\u00e9giumba val\u00f3 jelentkez\u00e9s az iskol\u00e1k aj\u00e1nl\u00e1sa alapj\u00e1n \u00e9s az iskol\u00e1t\u00f3l f\u00fcggetlen\u00fcl is zajlik. El\u0151zetes jelentkez\u00e9seket az iskolai \u00edr\u00e1sbeli felv\u00e9teli id\u0151pontj\u00e1t\u00f3l kezdve folyamatosan fogadunk, az elb\u00edr\u00e1l\u00e1s\u00e1ra viszont csak az iskolai felv\u00e9telek lez\u00e1rulta ut\u00e1n ker\u00fcl sor. Jelentkezni \u00edr\u00e1sban vagy szem\u00e9lyesen is lehets\u00e9ges. &hellip; \"Koll\u00e9giumi felv\u00e9tel\" b\u0151vebben","og_url":"https:\/\/ferenczykollegium.hu\/?page_id=19","og_site_name":"Ferenczy No\u00e9mi K\u00f6z\u00e9piskolai Le\u00e1nykoll\u00e9gium","article_publisher":"https:\/\/www.facebook.com\/ferenczynoemi.kozepiskolaikollegium","article_modified_time":"2025-03-21T09:21:16+00:00","twitter_card":"summary_large_image","twitter_misc":{"Becs\u00fclt olvas\u00e1si id\u0151":"1 perc"},"schema":{"@context":"https:\/\/schema.org","@graph":[{"@type":"WebPage","@id":"https:\/\/ferenczykollegium.hu\/?page_id=19","url":"https:\/\/ferenczykollegium.hu\/?page_id=19","name":"Koll\u00e9giumi felv\u00e9tel - Ferenczy No\u00e9mi K\u00f6z\u00e9piskolai Le\u00e1nykoll\u00e9gium","isPartOf":{"@id":"https:\/\/ferenczykollegium.hu\/#website"},"datePublished":"2019-04-02T12:47:03+00:00","dateModified":"2025-03-21T09:21:16+00:00","breadcrumb":{"@id":"https:\/\/ferenczykollegium.hu\/?page_id=19#breadcrumb"},"inLanguage":"hu","potentialAction":[{"@type":"ReadAction","target":["https:\/\/ferenczykollegium.hu\/?page_id=19"]}]},{"@type":"BreadcrumbList","@id":"https:\/\/ferenczykollegium.hu\/?page_id=19#breadcrumb","itemListElement":[{"@type":"ListItem","position":1,"name":"Kezd\u0151lap","item":"https:\/\/ferenczykollegium.hu\/"},{"@type":"ListItem","position":2,"name":"Koll\u00e9giumi felv\u00e9tel"}]},{"@type":"WebSite","@id":"https:\/\/ferenczykollegium.hu\/#website","url":"https:\/\/ferenczykollegium.hu\/","name":"Ferenczy No\u00e9mi K\u00f6z\u00e9piskolai Le\u00e1nykoll\u00e9gium","description":"","potentialAction":[{"@type":"SearchAction","target":{"@type":"EntryPoint","urlTemplate":"https:\/\/ferenczykollegium.hu\/?s={search_term_string}"},"query-input":{"@type":"PropertyValueSpecification","valueRequired":true,"valueName":"search_term_string"}}],"inLanguage":"hu"}]}},"_links":{"self":[{"href":"https:\/\/ferenczykollegium.szoftvered.hu\/index.php?rest_route=\/wp\/v2\/pages\/19","targetHints":{"allow":["GET"]}}],"collection":[{"href":"https:\/\/ferenczykollegium.szoftvered.hu\/index.php?rest_route=\/wp\/v2\/pages"}],"about":[{"href":"https:\/\/ferenczykollegium.szoftvered.hu\/index.php?rest_route=\/wp\/v2\/types\/page"}],"author":[{"embeddable":true,"href":"https:\/\/ferenczykollegium.szoftvered.hu\/index.php?rest_route=\/wp\/v2\/users\/2"}],"replies":[{"embeddable":true,"href":"https:\/\/ferenczykollegium.szoftvered.hu\/index.php?rest_route=%2Fwp%2Fv2%2Fcomments&post=19"}],"version-history":[{"count":8,"href":"https:\/\/ferenczykollegium.szoftvered.hu\/index.php?rest_route=\/wp\/v2\/pages\/19\/revisions"}],"predecessor-version":[{"id":1999,"href":"https:\/\/ferenczykollegium.szoftvered.hu\/index.php?rest_route=\/wp\/v2\/pages\/19\/revisions\/1999"}],"wp:attachment":[{"href":"https:\/\/ferenczykollegium.szoftvered.hu\/index.php?rest_route=%2Fwp%2Fv2%2Fmedia&parent=19"}],"curies":[{"name":"wp","href":"https:\/\/api.w.org\/{rel}","templated":true}]}}

Kollégiumi felvétel

<p><strong>Jelentkezés a Ferenczy Noémi Középiskolai Leánykollégiumba:</strong><br><br><br><br><strong>A  budapesti Ferenczy Noémi Középiskolai Leánykollégium önálló intézmény, a  kollégiumba való jelentkezés az iskolák ajánlása alapján és az  iskolától függetlenül is zajlik.</strong><br><br><strong>Előzetes  jelentkezéseket az iskolai írásbeli felvételi időpontjától kezdve  folyamatosan fogadunk, az elbírálására viszont csak az iskolai  felvételek lezárulta után kerül sor. Jelentkezni írásban vagy  személyesen is lehetséges. A szükséges nyomtatványok a helyszínen és a  honlapunkon is rendelkezésre állnak.</strong><br><br><strong>A  tanév során a jelentkezés folyamatos. Az üres férőhelyekre igazgatói  döntés alapján veszünk fel újabb tanulókat. A már korábban jelentkezett,  de be nem jutott diákokat kérésre várólistára tesszük, akik ily módon  elsőbbséget élveznek.</strong><br><br><strong>Az  intézmény megtekinthető hétfőtől csütörtökig az ügyeletes tanárhoz vagy a  titkárságra való bejelentkezéssel. Nyári hónapokban a szerdai  (ügyeleti) napokon tudunk személyes tájékoztatást adni 9:00 és 13:00 óra  között.</strong><br><br><strong>További információ kérhető telefonon kollégiumunkban, Zajzon Ildikó igazgatónőtől. Tel.: +36-1-299-0037</strong></p>



<p>A felvételi kérelem elérhetősége:</p>



<p> <a href="http://ferenczykollegium.hu/wp-content/uploads/2025/03/Felveteli-kerelem-2025-2026_vegleges.pdf" target="_blank" rel="noreferrer noopener">Felveteli-kerelem-2025-2026</a></p>

<p>Jelentkezés a Ferenczy Noémi Középiskolai Leánykollégiumba: A budapesti Ferenczy Noémi Középiskolai Leánykollégium önálló intézmény, a kollégiumba való jelentkezés az iskolák ajánlása alapján és az iskolától függetlenül is zajlik. Előzetes jelentkezéseket az iskolai írásbeli felvételi időpontjától kezdve folyamatosan fogadunk, az elbírálására viszont csak az iskolai felvételek lezárulta után kerül sor. Jelentkezni írásban vagy személyesen is lehetséges. &hellip; </p>
<p class="link-more"><a href="https://ferenczykollegium.szoftvered.hu/?page_id=19" class="more-link"><span class="screen-reader-text">&#8222;Kollégiumi felvétel&#8221;</span> bővebben</a></p>

<!-- This site is optimized with the Yoast SEO plugin v25.1 - https://yoast.com/wordpress/plugins/seo/ -->
<title>Kollégiumi felvétel - Ferenczy Noémi Középiskolai Leánykollégium</title>
<meta name="robots" content="index, follow, max-snippet:-1, max-image-preview:large, max-video-preview:-1" />
<link rel="canonical" href="https://ferenczykollegium.hu/?page_id=19" />
<meta property="og:locale" content="hu_HU" />
<meta property="og:type" content="article" />
<meta property="og:title" content="Kollégiumi felvétel - Ferenczy Noémi Középiskolai Leánykollégium" />
<meta property="og:description" content="Jelentkezés a Ferenczy Noémi Középiskolai Leánykollégiumba: A budapesti Ferenczy Noémi Középiskolai Leánykollégium önálló intézmény, a kollégiumba való jelentkezés az iskolák ajánlása alapján és az iskolától függetlenül is zajlik. Előzetes jelentkezéseket az iskolai írásbeli felvételi időpontjától kezdve folyamatosan fogadunk, az elbírálására viszont csak az iskolai felvételek lezárulta után kerül sor. Jelentkezni írásban vagy személyesen is lehetséges. &hellip; &quot;Kollégiumi felvétel&quot; bővebben" />
<meta property="og:url" content="https://ferenczykollegium.hu/?page_id=19" />
<meta property="og:site_name" content="Ferenczy Noémi Középiskolai Leánykollégium" />
<meta property="article:publisher" content="https://www.facebook.com/ferenczynoemi.kozepiskolaikollegium" />
<meta property="article:modified_time" content="2025-03-21T09:21:16+00:00" />
<meta name="twitter:card" content="summary_large_image" />
<meta name="twitter:label1" content="Becsült olvasási idő" />
	<meta name="twitter:data1" content="1 perc" />
<script type="application/ld+json" class="yoast-schema-graph">{"@context":"https://schema.org","@graph":[{"@type":"WebPage","@id":"https://ferenczykollegium.hu/?page_id=19","url":"https://ferenczykollegium.hu/?page_id=19","name":"Kollégiumi felvétel - Ferenczy Noémi Középiskolai Leánykollégium","isPartOf":{"@id":"https://ferenczykollegium.hu/#website"},"datePublished":"2019-04-02T12:47:03+00:00","dateModified":"2025-03-21T09:21:16+00:00","breadcrumb":{"@id":"https://ferenczykollegium.hu/?page_id=19#breadcrumb"},"inLanguage":"hu","potentialAction":[{"@type":"ReadAction","target":["https://ferenczykollegium.hu/?page_id=19"]}]},{"@type":"BreadcrumbList","@id":"https://ferenczykollegium.hu/?page_id=19#breadcrumb","itemListElement":[{"@type":"ListItem","position":1,"name":"Kezdőlap","item":"https://ferenczykollegium.hu/"},{"@type":"ListItem","position":2,"name":"Kollégiumi felvétel"}]},{"@type":"WebSite","@id":"https://ferenczykollegium.hu/#website","url":"https://ferenczykollegium.hu/","name":"Ferenczy Noémi Középiskolai Leánykollégium","description":"","potentialAction":[{"@type":"SearchAction","target":{"@type":"EntryPoint","urlTemplate":"https://ferenczykollegium.hu/?s={search_term_string}"},"query-input":{"@type":"PropertyValueSpecification","valueRequired":true,"valueName":"search_term_string"}}],"inLanguage":"hu"}]}</script>
<!-- / Yoast SEO plugin. -->

Kollégiumi felvétel - Ferenczy Noémi Középiskolai Leánykollégium

Jelentkezés a Ferenczy Noémi Középiskolai Leánykollégiumba: A budapesti Ferenczy Noémi Középiskolai Leánykollégium önálló intézmény, a kollégiumba való jelentkezés az iskolák ajánlása alapján és az iskolától függetlenül is zajlik. Előzetes jelentkezéseket az iskolai írásbeli felvételi időpontjától kezdve folyamatosan fogadunk, az elbírálására viszont csak az iskolai felvételek lezárulta után kerül sor. Jelentkezni írásban vagy személyesen is lehetséges. &hellip; "Kollégiumi felvétel" bővebben

Ferenczy Noémi Középiskolai Leánykollégium

Kezdőlap
