{"id":458,"date":"2020-01-20T14:58:47","date_gmt":"2020-01-20T14:58:47","guid":{"rendered":"http:\/\/ferenczykollegium.hu\/?page_id=458"},"modified":"2022-11-09T11:48:20","modified_gmt":"2022-11-09T11:48:20","slug":"diakonkormanyzat","status":"publish","type":"page","link":"https:\/\/ferenczykollegium.szoftvered.hu\/?page_id=458","title":{"rendered":"Di\u00e1k\u00f6nkorm\u00e1nyzat"},"content":{"rendered":"\n<p class=\"has-text-align-center\"><strong>D\u00d6K K\u00d6ZGY\u0170L\u00c9S<\/strong><\/p>\n\n\n<p style=\"text-align: justify; text-indent: 35.4pt;\">2022. szeptember 26-\u00e1n a Ferenczy No\u00e9mi K\u00f6z\u00e9piskolai Le\u00e1nykoll\u00e9gium di\u00e1k\u00f6nkorm\u00e1nyzata megtartotta hagyom\u00e1nyos \u0151szi k\u00f6zgy\u0171l\u00e9s\u00e9t. A di\u00e1k k\u00e9pvisel\u0151k megtartott\u00e1k el\u0151z\u0151 tan\u00e9vre vonatkoz\u00f3 besz\u00e1mol\u00f3jukat: tanulm\u00e1nyi besz\u00e1mol\u00f3k, a koll\u00e9giumi sport- \u00e9s kultur\u00e1lis tev\u00e9kenys\u00e9g\u00e9r\u0151l sz\u00f3l\u00f3 besz\u00e1mol\u00f3k, p\u00e9nz\u00fcgyi besz\u00e1mol\u00f3.<\/p>\n<p><!-- \/wp:post-content --><!-- wp:paragraph --><\/p>\n<p style=\"text-align: justify; text-indent: 35.4pt;\">Szok\u00e1sos m\u00f3don sor ker\u00fclt a fels\u0151bb \u00e9vfolyamok n\u00e9vad\u00f3 m\u0171sorainak r\u00f6vid bemutat\u00e1s\u00e1ra annak \u00e9rdek\u00e9ben, hogy a kilencedikesek is t\u00e1j\u00e9koz\u00f3dhassanak a r\u00e1juk v\u00e1r\u00f3 feladatr\u00f3l. (Int\u00e9zm\u00e9nyi hagyom\u00e1ny, hogy minden csoport egy magyar h\u00edres embert v\u00e1laszt p\u00e9ldak\u00e9p\u00e9\u00fcl, akinek az \u00e9let\u00e9b\u0151l r\u00f6vid bemutatkoz\u00f3 el\u0151ad\u00e1st is k\u00e9sz\u00edt.)<\/p>\n<p><!-- \/wp:paragraph --><!-- wp:paragraph --><\/p>\n<p style=\"text-align: justify; text-indent: 35.4pt;\">Sor ker\u00fclt tov\u00e1bb\u00e1 a meg\u00fcresedett posztok bet\u00f6lt\u00e9s\u00e9re, valamint az \u00e9ves tev\u00e9kenys\u00e9gi terv megbesz\u00e9l\u00e9s\u00e9re \u00e9s elfogad\u00e1s\u00e1ra is.<\/p>\n<p><!-- \/wp:paragraph --><\/p>\n\n<!-- wp:image {\"id\":1093,\"width\":574,\"height\":480,\"sizeSlug\":\"large\",\"linkDestination\":\"none\"} -->\n<figure class=\"wp-block-image size-large is-resized\"><img loading=\"lazy\" decoding=\"async\" src=\"http:\/\/ferenczykollegium.hu\/wp-content\/uploads\/2022\/11\/IMG_20220919_180825_2-1024x858.jpg\" alt=\"\" class=\"wp-image-1093\" width=\"574\" height=\"480\" srcset=\"https:\/\/ferenczykollegium.szoftvered.hu\/wp-content\/uploads\/2022\/11\/IMG_20220919_180825_2-1024x858.jpg 1024w, https:\/\/ferenczykollegium.szoftvered.hu\/wp-content\/uploads\/2022\/11\/IMG_20220919_180825_2-300x251.jpg 300w, https:\/\/ferenczykollegium.szoftvered.hu\/wp-content\/uploads\/2022\/11\/IMG_20220919_180825_2-768x644.jpg 768w, https:\/\/ferenczykollegium.szoftvered.hu\/wp-content\/uploads\/2022\/11\/IMG_20220919_180825_2-1536x1287.jpg 1536w, https:\/\/ferenczykollegium.szoftvered.hu\/wp-content\/uploads\/2022\/11\/IMG_20220919_180825_2-2048x1716.jpg 2048w\" sizes=\"auto, (max-width: 574px) 100vw, 574px\" \/><\/figure>\n<!-- \/wp:image -->\n\n<!-- wp:image {\"id\":1094,\"width\":285,\"height\":445,\"sizeSlug\":\"large\",\"linkDestination\":\"none\"} -->\n<figure class=\"wp-block-image size-large is-resized\"><img loading=\"lazy\" decoding=\"async\" src=\"http:\/\/ferenczykollegium.hu\/wp-content\/uploads\/2022\/11\/IMG_20220919_181229_2-655x1024.jpg\" alt=\"\" class=\"wp-image-1094\" width=\"285\" height=\"445\" srcset=\"https:\/\/ferenczykollegium.szoftvered.hu\/wp-content\/uploads\/2022\/11\/IMG_20220919_181229_2-655x1024.jpg 655w, https:\/\/ferenczykollegium.szoftvered.hu\/wp-content\/uploads\/2022\/11\/IMG_20220919_181229_2-192x300.jpg 192w, https:\/\/ferenczykollegium.szoftvered.hu\/wp-content\/uploads\/2022\/11\/IMG_20220919_181229_2-768x1201.jpg 768w, https:\/\/ferenczykollegium.szoftvered.hu\/wp-content\/uploads\/2022\/11\/IMG_20220919_181229_2-983x1536.jpg 983w, https:\/\/ferenczykollegium.szoftvered.hu\/wp-content\/uploads\/2022\/11\/IMG_20220919_181229_2-1310x2048.jpg 1310w, https:\/\/ferenczykollegium.szoftvered.hu\/wp-content\/uploads\/2022\/11\/IMG_20220919_181229_2-scaled.jpg 1638w\" sizes=\"auto, (max-width: 285px) 100vw, 285px\" \/><\/figure>\n<!-- \/wp:image -->\n\n<!-- wp:image {\"id\":1097,\"width\":600,\"height\":407,\"sizeSlug\":\"large\",\"linkDestination\":\"none\"} -->\n<figure class=\"wp-block-image size-large is-resized\"><img loading=\"lazy\" decoding=\"async\" src=\"http:\/\/ferenczykollegium.hu\/wp-content\/uploads\/2022\/11\/IMG_20220919_180714_2-1024x696.jpg\" alt=\"\" class=\"wp-image-1097\" width=\"600\" height=\"407\" srcset=\"https:\/\/ferenczykollegium.szoftvered.hu\/wp-content\/uploads\/2022\/11\/IMG_20220919_180714_2-1024x696.jpg 1024w, https:\/\/ferenczykollegium.szoftvered.hu\/wp-content\/uploads\/2022\/11\/IMG_20220919_180714_2-300x204.jpg 300w, https:\/\/ferenczykollegium.szoftvered.hu\/wp-content\/uploads\/2022\/11\/IMG_20220919_180714_2-768x522.jpg 768w, https:\/\/ferenczykollegium.szoftvered.hu\/wp-content\/uploads\/2022\/11\/IMG_20220919_180714_2-1536x1044.jpg 1536w, https:\/\/ferenczykollegium.szoftvered.hu\/wp-content\/uploads\/2022\/11\/IMG_20220919_180714_2-2048x1392.jpg 2048w\" sizes=\"auto, (max-width: 600px) 100vw, 600px\" \/><\/figure>\n<!-- \/wp:image -->","protected":false},"excerpt":{"rendered":"<p>D\u00d6K K\u00d6ZGY\u0170L\u00c9S 2022. szeptember 26-\u00e1n a Ferenczy No\u00e9mi K\u00f6z\u00e9piskolai Le\u00e1nykoll\u00e9gium di\u00e1k\u00f6nkorm\u00e1nyzata megtartotta hagyom\u00e1nyos \u0151szi k\u00f6zgy\u0171l\u00e9s\u00e9t. A di\u00e1k k\u00e9pvisel\u0151k megtartott\u00e1k el\u0151z\u0151 tan\u00e9vre vonatkoz\u00f3 besz\u00e1mol\u00f3jukat: tanulm\u00e1nyi besz\u00e1mol\u00f3k, a koll\u00e9giumi sport- \u00e9s kultur\u00e1lis tev\u00e9kenys\u00e9g\u00e9r\u0151l sz\u00f3l\u00f3 besz\u00e1mol\u00f3k, p\u00e9nz\u00fcgyi besz\u00e1mol\u00f3. Szok\u00e1sos m\u00f3don sor ker\u00fclt a fels\u0151bb \u00e9vfolyamok n\u00e9vad\u00f3 m\u0171sorainak r\u00f6vid bemutat\u00e1s\u00e1ra annak \u00e9rdek\u00e9ben, hogy a kilencedikesek is t\u00e1j\u00e9koz\u00f3dhassanak a r\u00e1juk &hellip; <\/p>\n<p class=\"link-more\"><a href=\"https:\/\/ferenczykollegium.szoftvered.hu\/?page_id=458\" class=\"more-link\"><span class=\"screen-reader-text\">&#8222;Di\u00e1k\u00f6nkorm\u00e1nyzat&#8221;<\/span> b\u0151vebben<\/a><\/p>\n","protected":false},"author":1,"featured_media":0,"parent":0,"menu_order":0,"comment_status":"closed","ping_status":"closed","template":"","meta":{"ngg_post_thumbnail":0,"_mc_calendar":[],"footnotes":""},"class_list":["post-458","page","type-page","status-publish","hentry"],"yoast_head":"<!-- This site is optimized with the Yoast SEO plugin v25.1 - https:\/\/yoast.com\/wordpress\/plugins\/seo\/ -->\n<title>Di\u00e1k\u00f6nkorm\u00e1nyzat - Ferenczy No\u00e9mi K\u00f6z\u00e9piskolai Le\u00e1nykoll\u00e9gium<\/title>\n<meta name=\"robots\" content=\"index, follow, max-snippet:-1, max-image-preview:large, max-video-preview:-1\" \/>\n<link rel=\"canonical\" href=\"https:\/\/ferenczykollegium.hu\/?page_id=458\" \/>\n<meta property=\"og:locale\" content=\"hu_HU\" \/>\n<meta property=\"og:type\" content=\"article\" \/>\n<meta property=\"og:title\" content=\"Di\u00e1k\u00f6nkorm\u00e1nyzat - Ferenczy No\u00e9mi K\u00f6z\u00e9piskolai Le\u00e1nykoll\u00e9gium\" \/>\n<meta property=\"og:description\" content=\"D\u00d6K K\u00d6ZGY\u0170L\u00c9S 2022. szeptember 26-\u00e1n a Ferenczy No\u00e9mi K\u00f6z\u00e9piskolai Le\u00e1nykoll\u00e9gium di\u00e1k\u00f6nkorm\u00e1nyzata megtartotta hagyom\u00e1nyos \u0151szi k\u00f6zgy\u0171l\u00e9s\u00e9t. A di\u00e1k k\u00e9pvisel\u0151k megtartott\u00e1k el\u0151z\u0151 tan\u00e9vre vonatkoz\u00f3 besz\u00e1mol\u00f3jukat: tanulm\u00e1nyi besz\u00e1mol\u00f3k, a koll\u00e9giumi sport- \u00e9s kultur\u00e1lis tev\u00e9kenys\u00e9g\u00e9r\u0151l sz\u00f3l\u00f3 besz\u00e1mol\u00f3k, p\u00e9nz\u00fcgyi besz\u00e1mol\u00f3. Szok\u00e1sos m\u00f3don sor ker\u00fclt a fels\u0151bb \u00e9vfolyamok n\u00e9vad\u00f3 m\u0171sorainak r\u00f6vid bemutat\u00e1s\u00e1ra annak \u00e9rdek\u00e9ben, hogy a kilencedikesek is t\u00e1j\u00e9koz\u00f3dhassanak a r\u00e1juk &hellip; &quot;Di\u00e1k\u00f6nkorm\u00e1nyzat&quot; b\u0151vebben\" \/>\n<meta property=\"og:url\" content=\"https:\/\/ferenczykollegium.hu\/?page_id=458\" \/>\n<meta property=\"og:site_name\" content=\"Ferenczy No\u00e9mi K\u00f6z\u00e9piskolai Le\u00e1nykoll\u00e9gium\" \/>\n<meta property=\"article:publisher\" content=\"https:\/\/www.facebook.com\/ferenczynoemi.kozepiskolaikollegium\" \/>\n<meta property=\"article:modified_time\" content=\"2022-11-09T11:48:20+00:00\" \/>\n<meta property=\"og:image\" content=\"http:\/\/ferenczykollegium.hu\/wp-content\/uploads\/2022\/11\/IMG_20220919_180825_2-1024x858.jpg\" \/>\n<meta name=\"twitter:card\" content=\"summary_large_image\" \/>\n<meta name=\"twitter:label1\" content=\"Becs\u00fclt olvas\u00e1si id\u0151\" \/>\n\t<meta name=\"twitter:data1\" content=\"1 perc\" \/>\n<script type=\"application\/ld+json\" class=\"yoast-schema-graph\">{\"@context\":\"https:\/\/schema.org\",\"@graph\":[{\"@type\":\"WebPage\",\"@id\":\"https:\/\/ferenczykollegium.hu\/?page_id=458\",\"url\":\"https:\/\/ferenczykollegium.hu\/?page_id=458\",\"name\":\"Di\u00e1k\u00f6nkorm\u00e1nyzat - Ferenczy No\u00e9mi K\u00f6z\u00e9piskolai Le\u00e1nykoll\u00e9gium\",\"isPartOf\":{\"@id\":\"https:\/\/ferenczykollegium.hu\/#website\"},\"primaryImageOfPage\":{\"@id\":\"https:\/\/ferenczykollegium.hu\/?page_id=458#primaryimage\"},\"image\":{\"@id\":\"https:\/\/ferenczykollegium.hu\/?page_id=458#primaryimage\"},\"thumbnailUrl\":\"http:\/\/ferenczykollegium.hu\/wp-content\/uploads\/2022\/11\/IMG_20220919_180825_2-1024x858.jpg\",\"datePublished\":\"2020-01-20T14:58:47+00:00\",\"dateModified\":\"2022-11-09T11:48:20+00:00\",\"breadcrumb\":{\"@id\":\"https:\/\/ferenczykollegium.hu\/?page_id=458#breadcrumb\"},\"inLanguage\":\"hu\",\"potentialAction\":[{\"@type\":\"ReadAction\",\"target\":[\"https:\/\/ferenczykollegium.hu\/?page_id=458\"]}]},{\"@type\":\"ImageObject\",\"inLanguage\":\"hu\",\"@id\":\"https:\/\/ferenczykollegium.hu\/?page_id=458#primaryimage\",\"url\":\"http:\/\/ferenczykollegium.hu\/wp-content\/uploads\/2022\/11\/IMG_20220919_180825_2-1024x858.jpg\",\"contentUrl\":\"http:\/\/ferenczykollegium.hu\/wp-content\/uploads\/2022\/11\/IMG_20220919_180825_2-1024x858.jpg\"},{\"@type\":\"BreadcrumbList\",\"@id\":\"https:\/\/ferenczykollegium.hu\/?page_id=458#breadcrumb\",\"itemListElement\":[{\"@type\":\"ListItem\",\"position\":1,\"name\":\"Kezd\u0151lap\",\"item\":\"https:\/\/ferenczykollegium.hu\/\"},{\"@type\":\"ListItem\",\"position\":2,\"name\":\"Di\u00e1k\u00f6nkorm\u00e1nyzat\"}]},{\"@type\":\"WebSite\",\"@id\":\"https:\/\/ferenczykollegium.hu\/#website\",\"url\":\"https:\/\/ferenczykollegium.hu\/\",\"name\":\"Ferenczy No\u00e9mi K\u00f6z\u00e9piskolai Le\u00e1nykoll\u00e9gium\",\"description\":\"\",\"potentialAction\":[{\"@type\":\"SearchAction\",\"target\":{\"@type\":\"EntryPoint\",\"urlTemplate\":\"https:\/\/ferenczykollegium.hu\/?s={search_term_string}\"},\"query-input\":{\"@type\":\"PropertyValueSpecification\",\"valueRequired\":true,\"valueName\":\"search_term_string\"}}],\"inLanguage\":\"hu\"}]}<\/script>\n<!-- \/ Yoast SEO plugin. -->","yoast_head_json":{"title":"Di\u00e1k\u00f6nkorm\u00e1nyzat - Ferenczy No\u00e9mi K\u00f6z\u00e9piskolai Le\u00e1nykoll\u00e9gium","robots":{"index":"index","follow":"follow","max-snippet":"max-snippet:-1","max-image-preview":"max-image-preview:large","max-video-preview":"max-video-preview:-1"},"canonical":"https:\/\/ferenczykollegium.hu\/?page_id=458","og_locale":"hu_HU","og_type":"article","og_title":"Di\u00e1k\u00f6nkorm\u00e1nyzat - Ferenczy No\u00e9mi K\u00f6z\u00e9piskolai Le\u00e1nykoll\u00e9gium","og_description":"D\u00d6K K\u00d6ZGY\u0170L\u00c9S 2022. szeptember 26-\u00e1n a Ferenczy No\u00e9mi K\u00f6z\u00e9piskolai Le\u00e1nykoll\u00e9gium di\u00e1k\u00f6nkorm\u00e1nyzata megtartotta hagyom\u00e1nyos \u0151szi k\u00f6zgy\u0171l\u00e9s\u00e9t. A di\u00e1k k\u00e9pvisel\u0151k megtartott\u00e1k el\u0151z\u0151 tan\u00e9vre vonatkoz\u00f3 besz\u00e1mol\u00f3jukat: tanulm\u00e1nyi besz\u00e1mol\u00f3k, a koll\u00e9giumi sport- \u00e9s kultur\u00e1lis tev\u00e9kenys\u00e9g\u00e9r\u0151l sz\u00f3l\u00f3 besz\u00e1mol\u00f3k, p\u00e9nz\u00fcgyi besz\u00e1mol\u00f3. Szok\u00e1sos m\u00f3don sor ker\u00fclt a fels\u0151bb \u00e9vfolyamok n\u00e9vad\u00f3 m\u0171sorainak r\u00f6vid bemutat\u00e1s\u00e1ra annak \u00e9rdek\u00e9ben, hogy a kilencedikesek is t\u00e1j\u00e9koz\u00f3dhassanak a r\u00e1juk &hellip; \"Di\u00e1k\u00f6nkorm\u00e1nyzat\" b\u0151vebben","og_url":"https:\/\/ferenczykollegium.hu\/?page_id=458","og_site_name":"Ferenczy No\u00e9mi K\u00f6z\u00e9piskolai Le\u00e1nykoll\u00e9gium","article_publisher":"https:\/\/www.facebook.com\/ferenczynoemi.kozepiskolaikollegium","article_modified_time":"2022-11-09T11:48:20+00:00","og_image":[{"url":"http:\/\/ferenczykollegium.hu\/wp-content\/uploads\/2022\/11\/IMG_20220919_180825_2-1024x858.jpg","type":"","width":"","height":""}],"twitter_card":"summary_large_image","twitter_misc":{"Becs\u00fclt olvas\u00e1si id\u0151":"1 perc"},"schema":{"@context":"https:\/\/schema.org","@graph":[{"@type":"WebPage","@id":"https:\/\/ferenczykollegium.hu\/?page_id=458","url":"https:\/\/ferenczykollegium.hu\/?page_id=458","name":"Di\u00e1k\u00f6nkorm\u00e1nyzat - Ferenczy No\u00e9mi K\u00f6z\u00e9piskolai Le\u00e1nykoll\u00e9gium","isPartOf":{"@id":"https:\/\/ferenczykollegium.hu\/#website"},"primaryImageOfPage":{"@id":"https:\/\/ferenczykollegium.hu\/?page_id=458#primaryimage"},"image":{"@id":"https:\/\/ferenczykollegium.hu\/?page_id=458#primaryimage"},"thumbnailUrl":"http:\/\/ferenczykollegium.hu\/wp-content\/uploads\/2022\/11\/IMG_20220919_180825_2-1024x858.jpg","datePublished":"2020-01-20T14:58:47+00:00","dateModified":"2022-11-09T11:48:20+00:00","breadcrumb":{"@id":"https:\/\/ferenczykollegium.hu\/?page_id=458#breadcrumb"},"inLanguage":"hu","potentialAction":[{"@type":"ReadAction","target":["https:\/\/ferenczykollegium.hu\/?page_id=458"]}]},{"@type":"ImageObject","inLanguage":"hu","@id":"https:\/\/ferenczykollegium.hu\/?page_id=458#primaryimage","url":"http:\/\/ferenczykollegium.hu\/wp-content\/uploads\/2022\/11\/IMG_20220919_180825_2-1024x858.jpg","contentUrl":"http:\/\/ferenczykollegium.hu\/wp-content\/uploads\/2022\/11\/IMG_20220919_180825_2-1024x858.jpg"},{"@type":"BreadcrumbList","@id":"https:\/\/ferenczykollegium.hu\/?page_id=458#breadcrumb","itemListElement":[{"@type":"ListItem","position":1,"name":"Kezd\u0151lap","item":"https:\/\/ferenczykollegium.hu\/"},{"@type":"ListItem","position":2,"name":"Di\u00e1k\u00f6nkorm\u00e1nyzat"}]},{"@type":"WebSite","@id":"https:\/\/ferenczykollegium.hu\/#website","url":"https:\/\/ferenczykollegium.hu\/","name":"Ferenczy No\u00e9mi K\u00f6z\u00e9piskolai Le\u00e1nykoll\u00e9gium","description":"","potentialAction":[{"@type":"SearchAction","target":{"@type":"EntryPoint","urlTemplate":"https:\/\/ferenczykollegium.hu\/?s={search_term_string}"},"query-input":{"@type":"PropertyValueSpecification","valueRequired":true,"valueName":"search_term_string"}}],"inLanguage":"hu"}]}},"_links":{"self":[{"href":"https:\/\/ferenczykollegium.szoftvered.hu\/index.php?rest_route=\/wp\/v2\/pages\/458","targetHints":{"allow":["GET"]}}],"collection":[{"href":"https:\/\/ferenczykollegium.szoftvered.hu\/index.php?rest_route=\/wp\/v2\/pages"}],"about":[{"href":"https:\/\/ferenczykollegium.szoftvered.hu\/index.php?rest_route=\/wp\/v2\/types\/page"}],"author":[{"embeddable":true,"href":"https:\/\/ferenczykollegium.szoftvered.hu\/index.php?rest_route=\/wp\/v2\/users\/1"}],"replies":[{"embeddable":true,"href":"https:\/\/ferenczykollegium.szoftvered.hu\/index.php?rest_route=%2Fwp%2Fv2%2Fcomments&post=458"}],"version-history":[{"count":5,"href":"https:\/\/ferenczykollegium.szoftvered.hu\/index.php?rest_route=\/wp\/v2\/pages\/458\/revisions"}],"predecessor-version":[{"id":1098,"href":"https:\/\/ferenczykollegium.szoftvered.hu\/index.php?rest_route=\/wp\/v2\/pages\/458\/revisions\/1098"}],"wp:attachment":[{"href":"https:\/\/ferenczykollegium.szoftvered.hu\/index.php?rest_route=%2Fwp%2Fv2%2Fmedia&parent=458"}],"curies":[{"name":"wp","href":"https:\/\/api.w.org\/{rel}","templated":true}]}}